ts digit of t?
5
Suppose 188 = -3*k + 7*k + z, 0 = 4*k - 2*z - 176. Suppose k*f - 48*f = -1992. What is the units digit of f?
6
Suppose -109*c + 1039106 - 149274 = 61323. What is the hundreds digit of c?
6
Let g = 428 + 84. Let i = -1410 - -1413. Suppose -c + g = i*c. What is the units digit of c?
8
Let v = -531 - -390. What is the hundreds digit of (9/(-15) - (-2)/(-5))*v?
1
Let o = 9161 - 2616. What is the hundreds digit of o?
5
Let f(l) = l**2 + 15*l + 17. Let n(w) = -w**3 - 3*w**2 + 2*w + 15. Let p be n(-3). Suppose k = -c - 19, c - p*k - 11 = -4*k. What is the units digit of f(c)?
3
Let l = 22322 - 13255. What is the thousands digit of l?
9
Suppose -2*r - 4035 = -1095. Let u = -1018 - r. What is the units digit of u?
2
Let s = 280 + -276. Suppose s*z - 4493 = 31. What is the thousands digit of z?
1
Let m(v) = 460*v**3 - 74*v**3 + 326*v**3 - 5 + 6*v. What is the hundreds digit of m(1)?
7
What is the ten thousands digit of (45661 - 1)*(-45)/(-12)*(-5)/(-25)?
3
Suppose -5*w = -3*g + 6*g - 1845, 0 = w - g - 361. Suppose 0 = 7*n - w - 201. What is the units digit of n?
1
Let z(i) = -i**3 - 86*i**2 - 14*i - 212. What is the units digit of z(-86)?
2
Let l(k) = -k**2 - 6*k + 1210. Let u be l(0). Suppose u = -16*h + 21*h. What is the hundreds digit of h?
2
Suppose -28*j = -2*j - 182. Suppose 0 = 3*c - 9, -m + 4*c + 32 = -36. Suppose 11*x = j*x + m. What is the units digit of x?
0
Let n(i) = -i**3 + 16*i**2 + 15*i + 55. Let r be n(17). Let c = r - 16. What is the units digit of (3820/3)/c + 8/(-12)?
4
Let h = -2311 + 3473. Suppose 90 = -4*m + h. What is the hundreds digit of m?
2
Suppose 5*q - 3410 = -5*x, 3*x + 565 = 3*q - 1505. Let u = -460 + q. Suppose -293 = -3*y + c + 365, -y - c + u = 0. What is the tens digit of y?
2
Let j(f) be the third derivative of -f**6/120 + 13*f**5/60 - f**4/24 + 4*f**3/3 - 46*f**2. What is the units digit of j(10)?
8
Suppose -34568 - 517 = 15*j. Let d = j - -3609. What is the hundreds digit of d?
2
Let h = 1054 - 1065. What is the hundreds digit of (-1 - h)*(76 - (9 + -3))?
7
Let o = 167 + -160. What is the hundreds digit of 16950/35 - 2/o?
4
Suppose -836*f = -828*f - 3928. What is the units digit of f?
1
What is the hundreds digit of ((-2)/8)/((-5826458)/(-582648) - 10)?
6
Let j(w) = 2*w**2 + 9*w + 3. Suppose 0 = 5*r - 2*m - 3*m - 40, 16 = 5*r + 3*m. Suppose 35 = -5*k - r*g, 0*g = -3*k - g - 19. What is the units digit of j(k)?
1
Suppose 3*i + 9 = -3*t, 38*i - 35*i - 21 = 3*t. Suppose 427 = 3*f - i*g, 0 = -4*f - 4*g - 0*g + 536. What is the hundreds digit of f?
1
Let t = 109 + -104. Let r(i) = -3*i - 8*i + t*i - 1 + 5*i. What is the tens digit of r(-14)?
1
Let w be (-3628 - 5)/((-9)/6) - -3. Suppose 14*t = w - 129. What is the tens digit of t?
6
Suppose -74828 = 1973*u - 1986*u. What is the hundreds digit of u?
7
Let t be -376*((-4)/(-8) - 2). Suppose 0 = 2*c - t - 148. What is the units digit of c?
6
Let b = 54 + -24. Suppose -3*k - 4*f = -f - 54, 3*k - 5*f - b = 0. Let a = k - -12. What is the tens digit of a?
2
Suppose 20 = 5*h - 5*c, 3*h + 4*c + 16 = 6*h. Suppose h = -s - 4*a + 57 + 2, 3*a = 3*s - 222. What is the units digit of s?
1
Let g = -32 - -36. Suppose 5*h - 2935 = -g*m, 2*m - 843 = -h - 250. What is the units digit of h?
3
Let q be (5 + -5 - 2)/1. What is the tens digit of q/7 - ((-12168)/42)/6?
4
Suppose -161573 = 45*m + 10*m - 901378. What is the tens digit of m?
5
Suppose 0 = -3*d - 16*d - 399. What is the tens digit of (-56)/d*1107/12?
4
Let t(n) = -n - 1. Let z(d) = -18*d**3 - 5*d**2 - 11*d - 6. Let h(y) = -3*t(y) + z(y). What is the hundreds digit of h(-2)?
1
Suppose -353 + 77 = -12*x. Suppose 0 = x*k - 305 - 4594. What is the hundreds digit of k?
2
Let v(t) = -180 - 264*t**2 - 266*t**2 + 32*t + 799*t**2 - 270*t**2. What is the units digit of v(13)?
7
Suppose 28 = -66*r + 70*r. Suppose r*p = 8*p - 134. What is the tens digit of p?
3
Suppose 49*v + 45864 = 58*v. What is the hundreds digit of v?
0
Suppose 0 = -2*u + 4*y + 28, 5*y + 7 + 18 = 0. Suppose 0 = 10*z - 6*z - u*l - 548, 3*l = 0. What is the units digit of z?
7
Let y(w) = 6*w**2 - 19*w - 23. Let p be 22/(-121) - ((-260)/(-22) + 1). What is the tens digit of y(p)?
3
Let j = 19 + -23. Let m be (((-16)/j)/(-2))/(1/(-46)). Suppose -15*o = -17*o + m. What is the tens digit of o?
4
Let n be -2 - -3 - (-3075)/1. What is the hundreds digit of ((-5)/(-10))/(2/n*1)?
7
Let l = 59 - 57. Suppose -l*g + 2682 = 7*g. Let t = -105 + g. What is the hundreds digit of t?
1
Suppose 0 = -38*v + 250419 - 40583. What is the tens digit of v?
2
Let z = 1136 + 4174. Suppose -5*i = 54*i - z. What is the units digit of i?
0
Suppose -o + 1 = -8. Suppose o*j = 3*j - 36. Let q(d) = -14*d + 13. What is the tens digit of q(j)?
9
Let x(r) = 12*r - 34. Let g be x(3). Suppose -16 = -4*n, 0 = g*a + 6*n - n - 506. What is the tens digit of a?
4
Let y be 2/(-1) - (-7 - -1). Suppose -6 = -2*j, -y*o + 2*j - 7*j = -1943. What is the tens digit of o?
8
Let u(w) = 2*w**2 - 4*w + 6. Let f be u(3). Suppose 0 = -5*d - f*d + 2006. What is the tens digit of d?
1
Let q(j) = j. Let n(o) = 13*o - 57. Let u(g) = n(g) - 5*q(g). What is the units digit of u(15)?
3
Suppose -6*w = -w + w. What is the tens digit of 76 + (-3 - w - -2)*1?
7
Let m(c) = 2*c - 9. Let i be m(6). Let l be (-113*(-2)/i)/((-15)/45). Let k = -58 - l. What is the units digit of k?
8
Let o(u) = -40*u - 12. Let g = 24 + -26. Let x be o(g). Suppose d + x = v, -5*d - 269 = -v - 3*v. What is the tens digit of v?
7
Suppose 3*n - 1553 = 3*m - 6947, -3*n = -m + 1794. What is the tens digit of m?
0
Let n(b) = 15*b - 36*b + 6*b + 7*b. Let w be n(-2). Suppose w*o + 260 = 20*o. What is the tens digit of o?
6
Let a(s) be the second derivative of -226*s**3/3 - 15*s**2/2 - 6*s + 6. What is the units digit of a(-1)?
7
Let w(i) be the second derivative of 5*i**2 + 0 - 10*i - 2/3*i**4 - 1/3*i**3 - 1/10*i**5. What is the tens digit of w(-5)?
7
What is the units digit of -11 + (3 - (-4084 + -14))?
0
Suppose 29*q - 768019 - 294135 = 0. What is the tens digit of q?
2
Let c(r) be the first derivative of r**3/3 + 177*r**2/2 + 27*r + 25. Let h(s) be the first derivative of c(s). What is the tens digit of h(0)?
7
Let l(f) = 279*f + 6241. What is the ten thousands digit of l(23)?
1
Let k(u) = 53*u - 17. Let m be k(5). Let t be 11/66 + 851/6. Let z = m - t. What is the units digit of z?
6
Suppose 0 = 2*w + 5*o + 4, 5*w + 0*w = -o + 36. Suppose -5*u - 2*x = -10, -2*x + 6 = 4*u - 0*u. Suppose u*n + 344 = w*n. What is the tens digit of n?
8
Suppose 78166 = 7*b - 41795 + 25230. What is the ten thousands digit of b?
1
Suppose 0 = x - 0*x + 9. Let j = x + 14. Suppose -9*p = -j*p - 104. What is the tens digit of p?
2
Let i be 648/(-5) + (-2)/5. Let l(c) = -c**2 + 95*c + 879. Let q be l(102). Let g = q + i. What is the units digit of g?
5
Let b = -95 + 583. Suppose 4*l - 4*z = 315 + 721, -2*l + b = 4*z. What is the units digit of l?
4
Let p = 14 - -27. Let z = p - 37. Suppose 3*s - 326 = -a, 7*a = 5*s + z*a - 534. What is the hundreds digit of s?
1
Suppose 143379 - 567268 = -61*m. What is the units digit of m?
9
Let o(r) = -29*r**2 - 51*r - 109. Let n(d) = 10*d**2 + 17*d + 36. Let x(z) = -17*n(z) - 6*o(z). What is the hundreds digit of x(-11)?
3
Suppose 18*h = 44950 + 17312. What is the units digit of h?
9
Suppose 5*t - 5*o - 10 = 0, -5*o + 6 = -9. Suppose 7*f + 2*n + 309 = 8*f, -1251 = -4*f + t*n. What is the hundreds digit of f?
3
Let j = -39536 + 105819. What is the thousands digit of j?
6
Let f = 346 - 1402. Let d = f - -1528. What is the hundreds digit of d?
4
Let m(r) = 12402*r - 715. What is the units digit of m(5)?
5
Suppose 5*z - 3351 = -36*i + 34*i, -z - 3*i = -665. What is the hundreds digit of z?
6
What is the units digit of 686/(-196)*(-46212)/21?
2
Suppose 7*t + 15 + 55 = 0. Let g(c) = -4*c - 36. Let b be g(t). Suppose m - 3*j = 111, 2*m - b*m + 5*j = -220. What is the hundreds digit of m?
1
Suppose 5*y - 48900 = 5*l, 21*l + 48864 = 5*y + 25*l. What is the units digit of y?
6
Let r(v) = -6*v**2 - 42*v + 6. Let d be r(-7). Suppose o + d*o = 5838. What is the units digit of o?
4
Suppose 2*h = 0, -2*h + 140 = -4*c - 4*h. Let n be (c/10)/((-4)/8). Suppose 12*s - n*s = 1090. What is the tens digit of s?
1
Suppose 2*s = -s - 5*t - 21, 4*s = -3*t - 2